8
4756 (base 8) to base 12
157a
Convert 41648 (base 9) to base 5.
1340003
What is 1746 (base 12) in base 14?
1034
What is 33312 (base 4) in base 10?
1014
What is 104334 (base 7) in base 2?
100011110101111
-843 (base 15) to base 9
-2500
-25143 (base 9) to base 2
-100000111110111
Convert -579 (base 14) to base 15.
-4c7
1a40 (base 15) to base 3
21210120
22304 (base 7) to base 16
1607
What is 1245 (base 12) in base 13?
c32
-1101113 (base 4) to base 3
-21010212
-578 (base 10) to base 5
-4303
Convert 2112000000 (base 3) to base 11.
34276
Convert -355 (base 15) to base 14.
-3bd
-1709 (base 14) to base 8
-10035
Convert 1111440 (base 5) to base 7.
111126
What is -45050 (base 6) in base 11?
-4802
What is 4c0 (base 15) in base 13?
651
Convert 33 (base 6) to base 3.
210
What is -30460 (base 10) in base 5?
-1433320
Convert 130101 (base 4) to base 6.
12213
Convert 374 (base 8) to base 6.
1100
656 (base 15) to base 3
1222000
-2 (base 8) to base 14
-2
What is 11000100011110 (base 2) in base 10?
12574
Convert -14716 (base 8) to base 15.
-1e56
What is 4030 (base 8) in base 5?
31242
What is -10111101010 (base 2) in base 14?
-7a2
What is 2211033 (base 4) in base 9?
15450
282 (base 10) to base 11
237
Convert -119 (base 16) to base 7.
-551
What is -5660 (base 16) in base 2?
-101011001100000
5a3 (base 16) to base 6
10403
Convert 6752 (base 8) to base 3.
11212221
Convert 725 (base 9) to base 13.
365
Convert 110102 (base 3) to base 7.
656
What is -4686 (base 9) in base 5?
-102410
Convert -1400 (base 7) to base 13.
-326
Convert -100201 (base 5) to base 9.
-4318
What is -262 (base 13) in base 9?
-514
Convert 1110033 (base 5) to base 2.
100101111000001
3313 (base 8) to base 15
7ae
-130645 (base 7) to base 14
-8c25
19b (base 16) to base 4
12123
d10 (base 14) to base 2
101000000010
What is 11a0 (base 12) in base 10?
1992
-22302 (base 4) to base 11
-578
Convert -65ba (base 12) to base 10.
-11230
Convert -6561 (base 7) to base 11.
-1843
34204 (base 7) to base 13
3c46
496 (base 10) to base 5
3441
Convert -21331 (base 4) to base 11.
-52a
Convert 101111000110101 (base 2) to base 14.
8b09
Convert -302440 (base 5) to base 11.
-735a
377 (base 10) to base 16
179
-20112 (base 5) to base 2
-10100000010
What is -334 (base 5) in base 16?
-5e
1000110110 (base 3) to base 10
20019
Convert -315354 (base 7) to base 5.
-3222343
What is -154532 (base 6) in base 15?
-4815
-10010110000011 (base 2) to base 8
-22603
-13c8 (base 13) to base 7
-11235
What is -10010110000100010 (base 2) in base 16?
-12c22
What is -15c4 (base 14) in base 11?
-2a22
10638 (base 9) to base 8
15652
What is 10100010 (base 2) in base 8?
242
Convert 4d (base 16) to base 13.
5c
What is -23455 (base 7) in base 8?
-13663
Convert -32500 (base 6) to base 13.
-2082
2141 (base 5) to base 10
296
Convert -b1b (base 12) to base 3.
-2012112
1111100101010010 (base 2) to base 3
10020112221
Convert -102 (base 8) to base 9.
-73
Convert -c4b (base 14) to base 3.
-10022121
What is 55250 (base 7) in base 6?
144045
510 (base 6) to base 9
226
What is 1135 (base 11) in base 7?
4226
Convert -434044 (base 5) to base 6.
-152551
-253 (base 16) to base 13
-36a
What is -1221002 (base 4) in base 14?
-2642
Convert 33044 (base 6) to base 5.
121224
Convert 3436 (base 14) to base 15.
2a44
-51 (base 15) to base 6
-204
-19b46 (base 12) to base 3
-1221000200
150a7 (base 13) to base 8
115403
What is -293 (base 15) in base 14?
-300
Convert -2310 (base 4) to base 8.
-264
What is 23139 (base 10) in base 6?
255043
Convert -b6c4 (base 14) to base 9.
-47225
Convert 1100100000001 (base 2) to base 8.
14401
What is 1265 (base 7) in base 12?
348
What is 33066 (base 7) in base 16?
2058
Convert 35102 (base 8) to base 11.
10229
Convert 10010011111 (base 2) to base 4.
102133
What is e03b (base 16) in base 14?
16cc3
Convert 10000111001010 (base 2) to base 8.
20712
4144 (base 6) to base 13
565
-1000010010 (base 2) to base 3
-201122
-30646 (base 7) to base 8
-16553
What is -1a00 (base 11) in base 9?
-3433
What is 215 (base 13) in base 3?
111012
Convert -b1b0 (base 12) to base 10.
-19284
-15148 (base 10) to base 9
-22701
-1117 (base 9) to base 2
-1100111010
What is -13d6 (base 15) in base 11?
-3215
Convert 6552 (base 11) to base 5.
234043
Convert 111010110010 (base 2) to base 9.
5140
What is 45223 (base 6) in base 15?
1d36
-431 (base 14) to base 7
-2261
Convert -24b (base 12) to base 16.
-15b
520 (base 10) to base 5
4040
What is 4275 (base 9) in base 12?
19a2
-12030333 (base 4) to base 15
-77dc
Convert 655 (base 14) to base 2.
10011100011
What is 1614 (base 8) in base 15?
408
Convert 19 (base 10) to base 6.
31
What is 4592 (base 10) in base 6?
33132
What is 120202 (base 3) in base 14?
225
-2256 (base 10) to base 9
-3076
What is 30261 (base 7) in base 6?
54000
What is -b560 (base 12) in base 14?
-7304
Convert 1a82 (base 11) to base 9.
3543
-200022221 (base 3) to base 5
-411423
What is 5525 (base 7) in base 2?
11110111011
Convert 400 (base 5) to base 4.
1210
Convert -5e9 (base 16) to base 14.
-7a1
What is 1ba (base 14) in base 6?
1400
What is a295 (base 11) in base 5?
414111
Convert 1102 (base 7) to base 9.
477
497 (base 11) to base 12
412
Convert -12995 (base 12) to base 4.
-12100001
-1a42 (base 11) to base 3
-10112211
What is 711 (base 9) in base 14?
2d3
What is 242 (base 16) in base 14?
2d4
What is 1049 (base 15) in base 9?
4646
-3316 (base 7) to base 11
-991
Convert 31212 (base 4) to base 9.
1166
What is -5411 (base 13) in base 16?
-2d9b
Convert -257 (base 16) to base 5.
-4344
-21111 (base 4) to base 2
-1001010101
What is 778 (base 14) in base 3?
2000202
Convert -202154 (base 8) to base 9.
-111405
-a172 (base 11) to base 15
-400a
What is -75a (base 11) in base 5?
-12122
-10010001001001 (base 2) to base 14
-3557
102112211 (base 4) to base 15
17418
-1437 (base 10) to base 12
-9b9
89b2 (base 13) to base 12
b176
-35125 (base 7) to base 10
-8986
-1a10 (base 12) to base 7
-12162
-224 (base 6) to base 4
-1120
Convert 2166 (base 12) to base 4.
321132
3611 (base 7) to base 15
5db
Convert -63246 (base 7) to base 4.
-3303033
Convert 4 (base 16) to base 4.
10
What is -1000010 (base 3) in base 2?
-1011011100
What is -138 (base 14) in base 15?
-116
Convert 563 (base 7) to base 2.
100100010
-42533 (base 9) to base 6
-334133
Convert 3732 (base 12) to base 8.
14126
Convert 1666 (base 9) to base 6.
5523
What is 135105 (base 6) in base 11?
9673
11100101100 (base 2) to base 7
5232
Convert -441002 (base 5) to base 10.
-15127
Convert -483 (base 10) to base 14.
-267
What is 3208 (base 10) in base 2?
110010001000
What is -2332 (base 5) in base 16?
-156
What is 2045 (base 10) in base 9?
2722
What is -35 (base 6) in base 14?
-19
Convert -101518 (base 9) to base 3.
-10001120122
What is c6 (base 13) in base 5?
1122
Convert -1dd97 (base 14) to base 10.
-76769
Convert -1544 (base 6) to base 8.
-650
-2330 (base 6) to base 9
-680
Convert -779 (base 10) to base 3.
-1001212
55310 (base 6) to base 12
4536
What is -33421 (base 11) in base 10?
-48423
253 (base 16) to base 7
1510
Convert -268 (base 9) to base 12.
-168
Convert -21220010 (base 3) to base 11.
-4361
35303 (base 7) to base 6
105552
167 (base 11) to base 15
ce
-dc6 (base 15) to base 8
-6047
Convert 2606a (base 12) to base 9.
78201
Convert -183 (base 14) to base 12.
-21b
Convert -654 (base 11) to base 3.
-1002002
What is -15a38 (base 11) in base 13?
-a355
-42a6 (base 15) to base 9
-21313
Convert 348 (base 11) to base 3.
120101
171444 (base 8) to base 6
1200100
Convert 34061 (base 7) to base 12.
4ba2
Convert -32113120 (base 4) to base 6.
-1132224
Convert -100000011 (base 2) to base 7.
-520
What is 1633 (base 8) in base 11?
76a
Convert 233032 (base 8) to base 6.
1411310
Convert 6270 (base 9) to base 11.
3501
Convert 158 (base 15) to base 16.
134
Convert -25154 (base 6) to base 12.
-21ba
-42132 (base 9) to base 8
-66244
Convert 20000 (base 4) to base 7.
1331
What is -a37 (base 12) in base 2?
-10111001011
220266 (base 7) to base 2
1001011010100010
Convert -1e0d (base 16) to base 12.
-4551
-14242 (base 6) to base 12
-1382
-10101 (base 8) to base 12
-24a9
-31013 (base 4) to base 11
-6a3
Convert 746 (base 9) to base 15.
2a9
What is 796 (base 10) in base 3?
1002111
-20133 (base 4) to base 15
-263
What is 12a9 (base 11) in base 2?
11010011100
What is 20121